{"id":103,"date":"2021-03-22T09:53:42","date_gmt":"2021-03-22T09:53:42","guid":{"rendered":"http:\/\/justinaszilinskas.lt\/presas\/?page_id=103"},"modified":"2022-10-17T07:56:49","modified_gmt":"2022-10-17T07:56:49","slug":"susitikimai","status":"publish","type":"page","link":"https:\/\/justinaszilinskas.lt\/index.php\/susitikimai\/","title":{"rendered":"Susitikimai"},"content":{"rendered":"\n<figure class=\"wp-block-image size-large\"><img loading=\"lazy\" width=\"1024\" height=\"683\" src=\"http:\/\/justinaszilinskas.lt\/wp-content\/uploads\/2022\/10\/64436624_2195917293818268_1039045652253769728_n-1024x683.jpg\" alt=\"\" class=\"wp-image-248\" srcset=\"https:\/\/justinaszilinskas.lt\/wp-content\/uploads\/2022\/10\/64436624_2195917293818268_1039045652253769728_n-1024x683.jpg 1024w, https:\/\/justinaszilinskas.lt\/wp-content\/uploads\/2022\/10\/64436624_2195917293818268_1039045652253769728_n-300x200.jpg 300w, https:\/\/justinaszilinskas.lt\/wp-content\/uploads\/2022\/10\/64436624_2195917293818268_1039045652253769728_n-768x512.jpg 768w, https:\/\/justinaszilinskas.lt\/wp-content\/uploads\/2022\/10\/64436624_2195917293818268_1039045652253769728_n-1536x1024.jpg 1536w, https:\/\/justinaszilinskas.lt\/wp-content\/uploads\/2022\/10\/64436624_2195917293818268_1039045652253769728_n-1568x1045.jpg 1568w, https:\/\/justinaszilinskas.lt\/wp-content\/uploads\/2022\/10\/64436624_2195917293818268_1039045652253769728_n.jpg 1728w\" sizes=\"(max-width: 1024px) 100vw, 1024px\" \/><\/figure>\n\n\n\n<p>Susitinku su skaitytojais. Karantino metu nemokamai susitikdavau su \u012fvairiausi\u0173 mokykl\u0173 mokiniais, kai galimyb\u0117s leis, tikiuosi pasimatyti ir gyvai. Jeigu norite pasimatyti &#8211; ra\u0161ykite (\u017er. <a href=\"http:\/\/justinaszilinskas.lt\/index.php\/contact\/\">kontaktai<\/a>).<\/p>\n\n\n\n<p>Taip pat mano vedamas <strong>edukacijas<\/strong> vyresniems moksleiviams galima u\u017esisakyti per &#8220;<a href=\"https:\/\/vaikuzeme.lt\/vaiku-zemes-edukacijos\/nepaprasta-pamoka-su-knyga\/rasytojas-justinas-zilinskas\/\" target=\"_blank\" rel=\"noreferrer noopener\">Vaik\u0173 \u017eem\u0117s<\/a>&#8221; iniciatyv\u0105!<\/p>\n\n\n\n<p>Mokytojus ar bibliotekininkus taip pat gal sudomins:<\/p>\n\n\n\n<figure class=\"wp-block-image size-large\"><img loading=\"lazy\" width=\"1024\" height=\"768\" src=\"http:\/\/justinaszilinskas.lt\/wp-content\/uploads\/2022\/10\/309880978_616508376566769_8392152903625383503_n-2-1024x768.jpg\" alt=\"\" class=\"wp-image-247\" srcset=\"https:\/\/justinaszilinskas.lt\/wp-content\/uploads\/2022\/10\/309880978_616508376566769_8392152903625383503_n-2-1024x768.jpg 1024w, https:\/\/justinaszilinskas.lt\/wp-content\/uploads\/2022\/10\/309880978_616508376566769_8392152903625383503_n-2-300x225.jpg 300w, https:\/\/justinaszilinskas.lt\/wp-content\/uploads\/2022\/10\/309880978_616508376566769_8392152903625383503_n-2-768x576.jpg 768w, https:\/\/justinaszilinskas.lt\/wp-content\/uploads\/2022\/10\/309880978_616508376566769_8392152903625383503_n-2.jpg 1440w\" sizes=\"(max-width: 1024px) 100vw, 1024px\" \/><\/figure>\n\n\n\n<p>Vienintel\u0117s pasaulyje vaik\u0173 ra\u0161ytoj\u0173 muzikos grup\u0117s &#8220;<strong>KNYG\u0172 VAIKAI<\/strong>&#8221; koncertas &#8211; susitikimas su populiariausiu ir linksmiausiu vaik\u0173 ra\u0161ytoju Tomu Dirg\u0117la ir \u017eilu rimtuoliu Justinu \u017dilinsku. Neapsigaukite &#8211; esame tikra grup\u0117 su tikrais instrumentais, tad \u0161okiai ir dainavimas kartu &#8211; garantuoti! Jeigu norite mus pasikviesti &#8211; <a href=\"mailto: renginiai@tomasdirgela.lt\" data-type=\"URL\" data-id=\"renginiai@tomasdirgela.lt\">ra\u0161ykite<\/a>. <\/p>\n\n\n\n<p>M\u016bs\u0173 nuotykius taip pat galite sekti <a href=\"https:\/\/www.facebook.com\/knyguvaikaigroja\" target=\"_blank\" rel=\"noreferrer noopener\">Facebook<\/a> ir <a href=\"https:\/\/www.instagram.com\/knyguvaikai\/\">Instagram<\/a>!<\/p>\n\n\n\n<figure class=\"wp-block-image size-large\"><img loading=\"lazy\" width=\"1024\" height=\"683\" src=\"http:\/\/justinaszilinskas.lt\/wp-content\/uploads\/2022\/10\/306394087_598859144998359_3364743272463256469_n-1024x683.jpg\" alt=\"\" class=\"wp-image-244\" srcset=\"https:\/\/justinaszilinskas.lt\/wp-content\/uploads\/2022\/10\/306394087_598859144998359_3364743272463256469_n-1024x683.jpg 1024w, https:\/\/justinaszilinskas.lt\/wp-content\/uploads\/2022\/10\/306394087_598859144998359_3364743272463256469_n-300x200.jpg 300w, https:\/\/justinaszilinskas.lt\/wp-content\/uploads\/2022\/10\/306394087_598859144998359_3364743272463256469_n-768x512.jpg 768w, https:\/\/justinaszilinskas.lt\/wp-content\/uploads\/2022\/10\/306394087_598859144998359_3364743272463256469_n.jpg 1440w\" sizes=\"(max-width: 1024px) 100vw, 1024px\" \/><\/figure>\n","protected":false},"excerpt":{"rendered":"<p>Susitinku su skaitytojais. Karantino metu nemokamai susitikdavau su \u012fvairiausi\u0173 mokykl\u0173 mokiniais, kai galimyb\u0117s leis, tikiuosi pasimatyti ir gyvai. Jeigu norite pasimatyti &#8211; ra\u0161ykite (\u017er. kontaktai). Taip pat mano vedamas edukacijas vyresniems moksleiviams galima u\u017esisakyti per &#8220;Vaik\u0173 \u017eem\u0117s&#8221; iniciatyv\u0105! Mokytojus ar bibliotekininkus taip pat gal sudomins: Vienintel\u0117s pasaulyje vaik\u0173 ra\u0161ytoj\u0173 muzikos grup\u0117s &#8220;KNYG\u0172 VAIKAI&#8221; koncertas &#8211;&hellip; <a class=\"more-link\" href=\"https:\/\/justinaszilinskas.lt\/index.php\/susitikimai\/\">Continue reading <span class=\"screen-reader-text\">Susitikimai<\/span><\/a><\/p>\n","protected":false},"author":1,"featured_media":0,"parent":0,"menu_order":0,"comment_status":"closed","ping_status":"closed","template":"","meta":[],"_links":{"self":[{"href":"https:\/\/justinaszilinskas.lt\/index.php\/wp-json\/wp\/v2\/pages\/103"}],"collection":[{"href":"https:\/\/justinaszilinskas.lt\/index.php\/wp-json\/wp\/v2\/pages"}],"about":[{"href":"https:\/\/justinaszilinskas.lt\/index.php\/wp-json\/wp\/v2\/types\/page"}],"author":[{"embeddable":true,"href":"https:\/\/justinaszilinskas.lt\/index.php\/wp-json\/wp\/v2\/users\/1"}],"replies":[{"embeddable":true,"href":"https:\/\/justinaszilinskas.lt\/index.php\/wp-json\/wp\/v2\/comments?post=103"}],"version-history":[{"count":20,"href":"https:\/\/justinaszilinskas.lt\/index.php\/wp-json\/wp\/v2\/pages\/103\/revisions"}],"predecessor-version":[{"id":250,"href":"https:\/\/justinaszilinskas.lt\/index.php\/wp-json\/wp\/v2\/pages\/103\/revisions\/250"}],"wp:attachment":[{"href":"https:\/\/justinaszilinskas.lt\/index.php\/wp-json\/wp\/v2\/media?parent=103"}],"curies":[{"name":"wp","href":"https:\/\/api.w.org\/{rel}","templated":true}]}}